16. Suppose 2*l = -4*j - 2, 0*j + 2*j = n*l - 5. Let g(z) = 6*z**2 + z. What is g(l)?
7
Let f(l) be the third derivative of l**6/120 - l**5/20 - 3*l**4/8 + l**3/2 + 3*l**2. Let b = 1 - -2. Let r(t) = t + 1. Let s(n) = b*r(n) + f(n). Give s(4).
-2
Let y = 10 + -6. Let m be 3/(6/4 - 0). Let p(i) = 1 - m + 2 + 2 - 2*i. Give p(y).
-5
Let f(o) = -2 + 9*o - o**2 - 4 - 1. Calculate f(7).
7
Let z = 41 - 48. Let w(d) = -d + 6. Calculate w(z).
13
Let w(q) be the first derivative of -5*q**2 - q - 3. Suppose 2*u = -6 + 4. What is w(u)?
9
Let f(c) = -2*c - 5. Let i(u) = -u**2 - 14*u - 17. Let n be i(-13). Give f(n).
3
Let t(n) = n**2. Let w(a) = 7 - 1 + 3*a**3 - 4*a**3 + 8*a - 6*a**2 + 2. Suppose 0 = 4*u + 21 + 7. Let m be w(u). Calculate t(m).
1
Suppose 3*b = 3*p, -5*p - b + 30 = 4*b. Let n(m) = m**2 - m - 1. Determine n(p).
5
Let i(v) = 2*v + 1. Let r = 46 - 27. Suppose -3*d = r - 4. Give i(d).
-9
Let l(u) = -u**3 + 5*u**2 - 5*u - 1. Let i = 10 - 17. Let q(h) = -5*h - 4*h - 10 + 5*h + 2*h. Let z be q(i). Determine l(z).
-5
Let d(b) = -59*b**2 - 54*b**2 - 56*b**2 - 1 - 2*b + 168*b**2. Calculate d(-2).
-1
Let c(b) be the first derivative of b**2 - 2*b + 2 - b**3 + 1/4*b**4. Let a be 2/(-4)*(-4 + 0). What is c(a)?
-2
Let u(t) = 6*t**2 - 2*t - 5. Let d(h) = 8 - 21 + 9*h**2 + 7 - 2*h - 3*h**2. Let o(i) = 6*d(i) - 7*u(i). Determine o(1).
-5
Let a(h) be the second derivative of -h**5/20 - h**4/4 + h**3/3 - 2*h**2 - 2*h. Let l(s) = s - 4. Suppose f = -2*j, 4*f = 5*j - f. Let v be l(j). Give a(v).
4
Suppose -8*u + 5*u - 12 = 0. Let l(g) = -2*g**2 - 5*g - 2. Calculate l(u).
-14
Let h(m) = -8*m. Suppose 2*c - 8 = -3*z, 0 = 2*z - z - 5*c + 3. Calculate h(z).
-16
Let m(u) = -9*u. Let h(v) = 13*v. Let n(i) = 4*i. Let c(w) = -4*h(w) + 14*n(w). Let k(o) = 7*c(o) + 3*m(o). Let z = 7 - 9. Determine k(z).
-2
Let q(n) = -4*n - 7. Let d(o) = 7*o + 13. Let c(f) = -3*d(f) - 5*q(f). Let l be (-2)/(-7) + 23/(-7). Calculate c(l).
-1
Let b(g) be the second derivative of -1/2*g**3 + g - 1/2*g**2 + 0. Suppose 3*n + 15 = -2*n - 5*q, -5*q = 4*n + 14. Calculate b(n).
2
Let c(t) be the third derivative of 1/60*t**5 + 2/3*t**3 + 0*t + 0 - t**2 + 7/24*t**4. Suppose -6*j = -2*j + 20. Determine c(j).
-6
Let x be 3*2*(-4)/(-8). Suppose -x*z - 3*p = -24, 4*z - p - 5 = 4*p. Let l(w) = 2*w - 6. Let g(n) = n - 3. Let s(q) = -13*g(q) + 6*l(q). Calculate s(z).
-2
Let c(k) be the second derivative of k**3/3 + 4*k. Let j(r) = r**3 + r**2 - 3*r - 3. Suppose 4*z = 2 - 10. Let b be j(z). Give c(b).
-2
Suppose 0 = g - 4, 5*n - 4*g + 8 = 3*n. Suppose 0 = r - 3*r + 8. Let m(u) = -u - 4 + 1 + 0 + r. Give m(n).
-3
Let r be 2*(3 - (3 - 1)). Let c(d) = d**2 + 2 - 2*d**r + 5*d - 4*d. Suppose v - 5 + 3 = 0. Calculate c(v).
0
Let s(b) = b + 3. Suppose 0 = 8*i - 10*i. Calculate s(i).
3
Let f = 7 + -10. Let t = 1 - f. Let b(p) = 3*p**2 - 7*p + 7. Let h(u) = 7*u**2 - 14*u + 15. Let x(z) = -5*b(z) + 2*h(z). What is x(t)?
7
Let x(v) be the first derivative of v**5/120 - v**4/12 - 2*v**3/3 + 3. Let g(b) be the third derivative of x(b). Let i be (-2)/(-7) - (-2)/(-7). Calculate g(i).
-2
Let r be ((-2)/3)/(2/(-18)). Let n(l) = l**3 - 12*l**2 + 4*l + 12. Let a(b) = -b**2 + b + 1. Let d(g) = 6*a(g) - n(g). Determine d(r).
6
Let t(y) = -y. Suppose 3*z = -7 - 8. Suppose 0 = -3*m + 5*m + 2*a + 82, -4*a + 56 = -m. Let b be m/10 + 3/z. Give t(b).
5
Let t(c) = 22*c**3 - 1. Let h(l) = -3*l + 5. Let p be h(2). What is t(p)?
-23
Let z(s) = -s**3 + 8*s**2 + 20*s + 8. Let r(x) = x**3 - 8*x**2 - 18*x - 8. Let g(b) = 5*r(b) + 4*z(b). Give g(9).
-17
Let h(c) = -3*c**2 + 8*c**2 - 12*c**2 - 3*c**2 - c. Calculate h(-1).
-9
Suppose -2*t = -3*t + 1, -2*o - 3*t = -1. Let x(q) = 8*q**3 + q**2 + q + 1. Calculate x(o).
-7
Let v(c) = 7*c**2 + 14*c - 3. Let f(n) = -6*n**2 - 13*n + 2. Let t(j) = -6*f(j) - 5*v(j). Determine t(-6).
-9
Let k(d) = 5*d**2 + 3*d + 3. Let i(f) = 14*f**2 + 9*f + 9. Let t(l) = -4*i(l) + 11*k(l). Give t(-3).
-3
Let q(y) be the second derivative of -y**3/6 - 2*y. Let i(g) = -g**3 - 10*g**2 - 7*g + 18. Let l be i(-9). Give q(l).
0
Let w(f) = f**2 - 5*f - 6. Let q be w(6). Let s(y) be the second derivative of -1/12*y**4 + q*y**3 + y + 0 - 3/20*y**5 + 0*y**2. Give s(-1).
2
Let m(s) be the second derivative of s**5/60 - 7*s**4/24 + 2*s**3/3 + s**2/2 + 2*s. Let k(d) be the first derivative of m(d). Give k(5).
-6
Let w(x) = 5*x**3 + 3*x**2 - 25*x + 3. Let j(i) = i**2 + i**3 - 1 + 3 - 4 + 3 - 6*i. Let m(y) = -9*j(y) + 2*w(y). What is m(2)?
1
Let w be (-36)/16 - 1/(-4). Let l(g) = -g**3 - 2*g**2 - g - 2. Let a be l(w). Let d(i) = -i + 9. Calculate d(a).
9
Let d(k) be the first derivative of -k**6/120 + k**5/30 - k**4/12 + 4*k**3/3 - 3. Let i(v) be the third derivative of d(v). What is i(2)?
-6
Let k(l) = -l + 7. Let n(z) = -z + 3. Let r(j) = -6*k(j) + 14*n(j). Determine r(-1).
8
Let j(f) = 29 - 18 - 11 + f**2 - 4*f. Calculate j(4).
0
Suppose -2*j = -5*s - 24, 4*j = -4*s - 2 - 6. Let u(y) = 6*y - y + 4 + 1. What is u(s)?
-15
Let m(i) = -5*i**3 - 23*i**2 + 29*i - 23. Let j(v) = -3*v**3 - 15*v**2 + 19*v - 15. Let g(b) = -8*j(b) + 5*m(b). Calculate g(4).
-7
Let d = -47 + 42. Let k(o) = -o. Calculate k(d).
5
Suppose 18 = x - 36. Suppose -m - 108 = -5*m - 2*n, 0 = 2*m + 3*n - x. Suppose -m = 4*s - 7. Let b(u) = u + 6. Determine b(s).
1
Let x = 145 + -143. Let i(a) = 6*a - 2. What is i(x)?
10
Let n(d) = 6*d - 7*d**2 - d**3 + 2*d**3 + d**2 - 2. Suppose -5*y + y - 4 = 0. Let o be -5*(y + 0/(-1)). Give n(o).
3
Let u(d) = d + 6 + d**3 - 14*d**2 - 7 + 10*d**2 - 4. Give u(4).
-1
Let f(x) = x**2 + x + 1. Let u(h) = -4*h**2 + h + 1. Let d(j) = -f(j) + u(j). Let n = 2 - 2. Let g be ((-2 - -3) + n)*-1. Determine d(g).
-5
Let x(d) = -2*d + 8. Suppose -12 = 4*f, 5*m - 3*f = -2*f + 38. Calculate x(m).
-6
Let m(d) = -d + 1. Let c be -8*(-2)/16*-18. Let k be 62/12 + 3/c. Determine m(k).
-4
Let u(o) = 2*o - 3. Suppose 15 = -3*r, 9*d + 11 = 7*d - r. Calculate u(d).
-9
Let x(w) = w**2 + 2*w + 2. Suppose 3*t + 2 + 0 = 2*a, a = 2*t + 3. Let v be (t/3)/((-6)/(-9)). Give x(v).
2
Let z(j) be the third derivative of j**5/30 + j**4/12 + j**3/3 + 9*j**2. Let m = -1 - 1. Determine z(m).
6
Let i(r) be the first derivative of r**2/2 - 9*r - 3. Let h be i(12). Let c(w) = 2*w - 3. Give c(h).
3
Let v(g) = g**3 - g**2 + 2. Let n(y) = -y + 4. Let s be n(2). Let m be v(s). Let f(d) = d**2 + 3*d**2 - d + 1 + 3*d**2 - m*d**2. Determine f(2).
3
Let m(x) = 2*x + 6*x - x**2 + 5*x - x - 8. Let v be m(10). Suppose 0 = -2*u + 4*d + v, 4 = 2*u - 0*d + 4*d. Let r(s) = -2*s + 5. What is r(u)?
-3
Let y(d) = -2 - 9*d + 2*d + 7*d - d. Let t = -2 - -1. Let b be ((-6)/t)/(-1 - -3). Calculate y(b).
-5
Let t(b) = -4*b**2 - 5*b - 13. Let q(f) = -5*f**2 - 4*f - 14. Let l(p) = -3*q(p) + 4*t(p). Let k be l(-4). Let g(u) = 2*u - 8. Give g(k).
4
Let x(w) be the first derivative of 8*w**3/3 + w**2/2 - 3. Determine x(1).
9
Let k(a) = -33 - 4*a + 13 + 17. What is k(-5)?
17
Let g(p) = p**3 - 6*p**2 + 5*p - 3. Let j be 273/52 + (-2)/8. What is g(j)?
-3
Let v(a) = -a**3 + 4*a**2 + 4*a - 2. Let z = 9 + -5. Suppose 0*u - z*u + 4*q + 8 = 0, 0 = -u - 2*q + 5. Suppose 0*d + u*d - 15 = 0. Calculate v(d).
-7
Let h(l) be the second derivative of 3/2*l**2 - 1/12*l**4 + 0 - 1/3*l**3 + 5*l. What is h(-4)?
-5
Let u(w) = -w + 4. Suppose -4*a + 21 + 15 = -4*z, 2*z = -3*a + 17. Give u(a).
-3
Let r(a) be the third derivative of a**6/120 - a**5/20 - a**4/8 - 5*a**3/6 + 6*a**2. Calculate r(4).
-1
Let a(b) = 26*b + 28*b + 29*b - 84*b. Give a(-1).
1
Let u(w) = w + 7. Suppose -k + 2*i = -13, 0*k + i = k - 9. Determine u(k).
12
Let d = 9 + -2. Let r(v) = 4 - d + 4 + 2*v - 4*v. What is r(1)?
-1
Suppose h - 5 = 0, -16 = -3*w - 5*h + 18. Let q(i) = -7*i**2 + 4*i**2 + 31 + 0*i**2 + 4*i**2 - 28. What is q(w)?
12
Let t(l) be the first derivative of -l**2/2 - 12*l + 3. What is t(-9)?
-3
Let d(a) = 10*a**2 - 33. Let u(s) be the second derivative of 7*s**4/12 - 11*s**2 - 2*s. Let n(t) = -5*d(t) + 7*u(t). Let k = 1 + -1. What is n(k)?
11
Let c(y) = -3*y - 2. Let s = 4 - 0. Let d(f) = -f - 1. Let v(r) = s*d(r) - c(r). Determine v(5).
-7
Let k(w) be the first derivative of 3*w**2/2 - 2*w - 1. What is k(-2)?
-8
Let v(b) = -b**2 - b + 1. Let o(z) = -3*z + 0*z - z + 6*z - 9. Let m be o(6). What is v(m)?
-11
Let p(x) be the third deriv